- 2*p, p - 6217 = -5*r. What are the prime factors of r?
2, 311
Suppose 185 = 10*v - 6*v + 3*d, -4*d - 120 = -3*v. Suppose -40*t + v*t + 5*x = 3389, 5*x - 2543 = -3*t. What are the prime factors of t?
2, 3, 47
Let i be 0 - (-4379 - 4/(-8)*10). Suppose 34*j = 43*j - i. What are the prime factors of j?
2, 3
What are the prime factors of (1/(-2))/(23035979/(-357009144) + (-4)/(-62))?
2, 3, 4751
Suppose 2*l - 213 = w - 64, 5*l - w - 371 = 0. Suppose l*j - 80*j + 3804 = 0. List the prime factors of j.
2, 317
Let f(g) = 177*g**2 + 11*g + 27. What are the prime factors of f(6)?
3, 5, 431
Suppose -2*w - 18 = 100. Let d = 52 + w. Let x(f) = -f**2 - 10*f. List the prime factors of x(d).
3, 7
Suppose 2*o - 7*o + 55 = -4*t, 3*o - 36 = 3*t. List the prime factors of ((-9184)/24)/o*-12.
2, 41
Let l(n) = -3*n**2 + 7*n + 1. Let k(m) = 6*m**2 - 13*m - 3. Let c(u) = 4*k(u) + 7*l(u). Let t be c(-2). Suppose a = -t*a + 2898. List the prime factors of a.
3, 23
Let m(s) = -4*s - 12. Let a be m(-3). Let r(d) = 2*d - 19. Let c(u) = 4*u - 37. Let l(n) = -3*c(n) + 5*r(n). What are the prime factors of l(a)?
2
Let k be ((-2)/((-8)/14))/((-12)/(-48)). Suppose -4*z + 1344 = 2*g, -11*z = -k*z. List the prime factors of g.
2, 3, 7
What are the prime factors of (-384 - -406) + 8*2362?
2, 3, 1051
Suppose -4*b + 43824 = 2*u, 28979 = 4*b - 4*u - 14857. What are the prime factors of b?
10957
Let x = -1105 + 2881. Suppose 2*n + 5*d = 571 + 121, -5*n = d - x. List the prime factors of n.
2, 89
Suppose w - 29 = -3*a + 36, 0 = w - 5*a - 25. Let f = -50 + w. Suppose m - 5 = 0, u + 2*m - m - 93 = f. List the prime factors of u.
2, 11
Suppose 3*z - k = 12, -z - 3*k + 0*k = -4. Let s be (0 - 3)*(-160)/60. Suppose s*q = z*q + 128. List the prime factors of q.
2
Suppose 12*i + 12 - 36 = 0. Suppose i*q - 725 = -3*b, -3*q - 5*b = -5*q + 749. Suppose -q = -8*v - 143. What are the prime factors of v?
2, 7
Let q be 52 + 2 + 0 + -6. List the prime factors of 7/((-28)/(-24))*q/4.
2, 3
Let b = 24 + -19. Let w(d) = 8 - 25*d + 38*d - b*d**2 - 6*d**2 + 2*d**3. What are the prime factors of w(6)?
2, 61
What are the prime factors of (-21085)/4*(-2232)/930?
3, 4217
Let d be (5 - 44/8)*(-7 + 1). Suppose 1 = 2*b + d, -b = 4*s - 923. What are the prime factors of s?
3, 7, 11
Let b(k) = 12*k**2 - 6*k + 3. Suppose -24*d + 17*d - 133 = 0. Let j(a) = 4*a + 81. Let f be j(d). List the prime factors of b(f).
3, 7, 13
Suppose -3*h + 5541 + 6867 + 1155 = 0. List the prime factors of h.
3, 11, 137
Let k be (9/6)/(1/2). Suppose -2*d - 3*d = -k*p + 36, -3*d + p = 20. Let c(v) = -v**2 - 5*v + 16. What are the prime factors of c(d)?
2, 5
Let n(i) = 8*i + 70. Let y be n(-20). Let l be 14/(-2)*13/((-455)/y). Let m(d) = d**2 + 7*d + 23. List the prime factors of m(l).
13, 17
Suppose 7*b + 4 = 39. Suppose 6 = 3*a - b*a, 3*q - a = 1503. What are the prime factors of q?
2, 5
Let h = 36285 + -2504. List the prime factors of h.
11, 37, 83
Let t be ((-154)/6 + 1)/((-26)/(-273)). Let b(c) = -c**2 + 4*c - 12. Let w be b(-10). Let a = w - t. What are the prime factors of a?
107
Let a = -7568 + 17639. List the prime factors of a.
3, 373
Suppose 0 = 4*o + 2*c - 286, c + 79 = o - 0*o. Suppose o = -2*w + 4. Let s = 84 - w. What are the prime factors of s?
7, 17
List the prime factors of (-80664)/(-1)*((-36)/(-54) + 0).
2, 3361
Let p = 71833 - 29736. List the prime factors of p.
11, 43, 89
Let m be (-2)/5 + (-3032)/20. Let f be (1 - -372) + -9 + 12. Let a = m + f. List the prime factors of a.
2, 7
Let h = 6336 + -2342. List the prime factors of h.
2, 1997
Suppose -5*i = 5*d - 5850, -20*d = -2*i - 23*d + 2337. List the prime factors of i.
3, 17, 23
Let h = 17792 + -13738. What are the prime factors of h?
2, 2027
Suppose 18473 - 740 = -9*p + 151302. List the prime factors of p.
3, 17, 97
Suppose 0 = -2*a + 6*a + 8. Let k be (a + -1)*72/27 + 1. Let y(w) = -w**3 - 5*w**2 + 6*w - 15. List the prime factors of y(k).
41
Suppose 0*y - 4*y = -44. Suppose 8*j - y*j = -2004. Suppose -z - 3*z = -5*b - 659, -4*z = 4*b - j. List the prime factors of z.
2, 83
Let z = 1068 - 1028. Let i = -99 + 64. Let k = i + z. List the prime factors of k.
5
Let x = -2 + 8. Let g be -252*((-2)/x - -1). Let w = 430 + g. List the prime factors of w.
2, 131
Let g be (-68742)/(-33) + (50/55 - 1). Suppose -5*a - i = -a - 4163, 2*a = -i + g. List the prime factors of a.
2, 5, 13
Let a(z) = -49*z + 132. What are the prime factors of a(-25)?
23, 59
Suppose 10*d - 96181 - 52222 = -13593. List the prime factors of d.
13, 17, 61
Suppose -15*g + 23*g + 1416 = 0. List the prime factors of (g - 1)*3*7/(-14).
3, 89
Let v = 312 + -296. Suppose 10*u = v*u - 4434. List the prime factors of u.
739
Suppose 28*g - 544102 = 5*g + 10*g. What are the prime factors of g?
2, 17, 1231
Let z(w) = -7*w + 2*w - 4*w - 135 - 6*w. What are the prime factors of z(-23)?
2, 3, 5, 7
List the prime factors of 72/(-30) - 224234/(-10).
7, 3203
Let f = -40621 + 94859. List the prime factors of f.
2, 47, 577
What are the prime factors of ((-128)/(-56))/((-19)/(-753977))?
2, 5669
Suppose -3*w + 4882 = 1654. Suppose 0 = l + 5*q - 278, 5*l + q - w = 314. What are the prime factors of l?
2, 139
Suppose 13*l = 17*l - 5*k - 10555, 0 = -5*l - 2*k + 13136. What are the prime factors of l?
2, 5, 263
Let q = 457 - 439. Suppose -3*h - 5370 = -q*h. What are the prime factors of h?
2, 179
Let b be 902/8 - 5/40*-2. Let t = 111 - b. List the prime factors of (-770)/(-21) + (-2)/3 - t.
2, 19
Let o = 1272 + -2. Let t = -713 + o. List the prime factors of t.
557
Let k(o) = o**3 - 5*o**2 + 14*o - 18. Let z be k(5). Let h = -55 + z. List the prime factors of (-1 + 66/(-18))/(2/h).
7
Suppose -5*v = -2*d + 3*d + 60, -15 = -3*d. Let r(q) = 3*q**2 + 24*q + 84. What are the prime factors of r(v)?
3, 31
Let i be (-30)/(-8) + (-70)/(-56). Suppose 446 = i*m + 2*o, 10*o - 6*o + 340 = 4*m. List the prime factors of m.
2, 11
Let r be 0*(-3 - (-25)/10). Suppose r = 3*y - 18*y + 1860. List the prime factors of y.
2, 31
Let w = 77 - 245. Let y = w - -344. List the prime factors of y.
2, 11
Let r be (-17)/(4*(-8)/32). Suppose r*j - 27*j + 10580 = 0. List the prime factors of j.
2, 23
Suppose -4*o + 33513 = -1407. What are the prime factors of o?
2, 3, 5, 97
Let k(q) = 1362*q**2 - 741*q + 5287. What are the prime factors of k(7)?
2, 23, 1453
Let q(v) = v**3 - 14*v**2 + 5*v + 30. Let f be q(14). Suppose 7*u - 4*u = 15. Suppose u*a + f = 335. List the prime factors of a.
47
List the prime factors of (-5 - -20) + (-106 - -39171).
2, 5, 977
Let u(m) = 2*m**3 + m**2 + 2*m - 1. Let h be u(2). Suppose -5*r - 29 = 4*k, 4 = -5*k + 3*r - h. Let z = k - -89. What are the prime factors of z?
83
Suppose 1519 + 9095 = 21*g - 16392. List the prime factors of g.
2, 643
Let j = -88 + 98. Suppose j*y - 488 - 4402 = 0. What are the prime factors of y?
3, 163
Let p = 3807 + 30446. What are the prime factors of p?
34253
Suppose -3*l + 25259 = z, 2*l - z = 13002 + 3829. Suppose l - 2713 = 7*c. List the prime factors of c.
5, 163
Suppose -26*u + 36*u - 1250 = 0. Let y be 57/(-1)*(-28)/6. Suppose 2*q = -p + 6*p + u, -5*q + y = 3*p. What are the prime factors of q?
5, 11
Let k(p) = -p**2 - 37*p**3 - 2 - 2 - 3 - 4*p + 11*p**3. What are the prime factors of k(-3)?
2, 349
Suppose 0 = 4*z + 3*l - 8, 2*l + 6 = 3*z - 0. What are the prime factors of 3*z/6 + -20 + 401?
2, 191
Suppose 0 = 2*a - 10. Let f be (a/2)/((-1)/(-160)). Suppose 0 = 5*y - 65 - f. List the prime factors of y.
3, 31
Suppose -3*k + 44 = -4*i, 5 = 4*i + 1. Suppose w - 6*w = -5*f, 4*w = k. Suppose -6*y + f*y + 360 = 0. What are the prime factors of y?
2, 3, 5
Let a(p) = 129*p - 4322. What are the prime factors of a(82)?
2, 17, 23
List the prime factors of (9 + 1634)*(4 - 6 - -9).
7, 31, 53
Let h(q) = -q**3 - 12*q**2 + 39*q + 30. Let u = -151 + 136. What are the prime factors of h(u)?
2, 3, 5
Suppose 0*g - 7*g + 101615 = -16958. What are the prime factors of g?
13, 1303
Let h(l) = 7*l + 10*l + 3 + 6. Suppose 0 = 2*s + 4*p + 2, 3*s + 3*p + 160 - 169 = 0. What are the prime factors of h(s)?
2
Let q be -19 + 14 + (0 - 0). Let r(c) = c**3 + 10*c**2 + 7*c + 6. Let u be r(q). Let p = u + -68. List the prime factors of p.
2, 7
Suppose -3*o + 0*v = -3*v - 59310, -2*v = 4. Suppose 15*t - 43*t = -o. What are th